{"id":97,"date":"2026-03-24T22:26:22","date_gmt":"2026-03-24T21:26:22","guid":{"rendered":"https:\/\/marionum.unif.fr\/?page_id=97"},"modified":"2026-03-24T23:02:57","modified_gmt":"2026-03-24T22:02:57","slug":"equipe-partenaires","status":"publish","type":"page","link":"https:\/\/marionum.unif.fr\/?page_id=97","title":{"rendered":"\u00c9quipe &amp; partenaires"},"content":{"rendered":"\n<h2 class=\"wp-block-heading section-title\"><strong>Notre \u00e9quipe<\/strong><\/h2>\n\n\n\n<p>L\u2019\u00e9quipe de <strong>d\u00e9veloppement<\/strong> est compos\u00e9e de&nbsp;:<\/p>\n\n\n\n<ul class=\"wp-block-list\">\n<li><strong>Rushed Kanawati<\/strong>, enseignant-chercheur en informatique \u00e0 l\u2019Universit\u00e9 Sorbonne Paris Nord (USPN), Charg\u00e9 de Mission Transition Num\u00e9rique \u00e0 l&rsquo;IUT de Villetaneuse, Premier vice-pr\u00e9sident USPN (depuis avril 2025).<\/li>\n<\/ul>\n\n\n\n<ul class=\"wp-block-list\">\n<li><strong>Jean-Vincent Loddo<\/strong>, enseignant-chercheur en informatique \u00e0 l\u2019Universit\u00e9 Sorbonne Paris Nord et d\u00e9veloppeur de logiciels libres (GNU-GPL) p\u00e9dagogiques (<a href=\"https:\/\/en.wikipedia.org\/wiki\/DemoLinux\">DemoLinux<\/a>, <a href=\"https:\/\/en.wikipedia.org\/wiki\/Marionnet\">Marionnet<\/a> et <a href=\"https:\/\/tel.marionnet.org\/info.php\">Mariotel<\/a>).<\/li>\n<\/ul>\n\n\n\n<ul class=\"wp-block-list\">\n<li><strong>Pierre Boudes<\/strong>, enseignant-chercheur en informatique \u00e0 l\u2019Universit\u00e9 Sorbonne Paris Nord, directeur du p\u00f4le infrastructures \u00e0 l\u2019UNIF (dont le DataCenter) et d\u00e9veloppeur de logiciels libres (ex&nbsp;: Pain, application web de gestion des services d\u2019enseignement).<\/li>\n<\/ul>\n\n\n\n<div style=\"height:100px\" aria-hidden=\"true\" class=\"wp-block-spacer\"><\/div>\n\n\n\n<h2 class=\"wp-block-heading section-title\">Partenaires<\/h2>\n\n\n\n<div style=\"height:100px\" aria-hidden=\"true\" class=\"wp-block-spacer\"><\/div>\n\n\n\n<div class=\"wp-block-group is-layout-grid wp-container-core-group-is-layout-4d858cb8 wp-block-group-is-layout-grid\">\n<figure class=\"wp-block-image\"><a href=\"https:\/\/unif.fr\" target=\"_blank\" rel=\"noreferrer noopener\"><img decoding=\"async\" src=\"https:\/\/marionum.unif.fr\/wp-content\/uploads\/2026\/02\/Logo-UNIF-VF.png\" alt=\"Partenaire 1\"\/><\/a><\/figure>\n\n\n\n<figure class=\"wp-block-image\"><a href=\"https:\/\/www.univ-spn.fr\/\" target=\"_blank\" rel=\"noreferrer noopener\"><img decoding=\"async\" src=\"https:\/\/marionum.unif.fr\/wp-content\/uploads\/2026\/02\/Logo-UP13.png\" alt=\"Partenaire 2\"\/><\/a><\/figure>\n\n\n\n<figure class=\"wp-block-image\"><a href=\"https:\/\/www.assofac.org\/\" target=\"_blank\" rel=\"noreferrer noopener\"><img decoding=\"async\" src=\"https:\/\/marionum.unif.fr\/wp-content\/uploads\/2026\/03\/ASSOFAC-centre-de-formation.avif\" alt=\"Partenaire 3\"\/><\/a><\/figure>\n\n\n\n<figure class=\"wp-block-image\"><a href=\"https:\/\/www.education.gouv.fr\/\" target=\"_blank\" rel=\"noreferrer noopener\"><img decoding=\"async\" src=\"https:\/\/marionum.unif.fr\/wp-content\/uploads\/2026\/02\/MEN_2025.jpg\" alt=\"Partenaire 4\"\/><\/a><\/figure>\n\n\n\n<figure class=\"wp-block-image\"><a href=\"https:\/\/www.info.gouv.fr\/grand-dossier\/france-2030\" target=\"_blank\" rel=\"noreferrer noopener\"><img decoding=\"async\" src=\"https:\/\/marionum.unif.fr\/wp-content\/uploads\/2026\/03\/Logo_France_2030.png\" alt=\"Partenaire 5\"\/><\/a><\/figure>\n\n\n\n<figure class=\"wp-block-image\"><a href=\"https:\/\/www.info.gouv.fr\/grand-dossier\/france-relance\" target=\"_blank\" rel=\"noreferrer noopener\"><img decoding=\"async\" src=\"https:\/\/marionum.unif.fr\/wp-content\/uploads\/2026\/03\/Logo_France_Relance_vert.png\" alt=\"Partenaire 6\"\/><\/a><\/figure>\n\n\n\n<figure class=\"wp-block-image\"><a href=\"https:\/\/european-union.europa.eu\/index_fr\" target=\"_blank\" rel=\"noreferrer noopener\"><img decoding=\"async\" src=\"https:\/\/marionum.unif.fr\/wp-content\/uploads\/2026\/03\/Flag_of_Europe.png\" alt=\"Partenaire 7\"\/><\/a><\/figure>\n\n\n\n<figure class=\"wp-block-image wp-container-content-e269605d\"><a href=\"https:\/\/www.banquedesterritoires.fr\/\" target=\"_blank\" rel=\"noreferrer noopener\"><img decoding=\"async\" src=\"https:\/\/marionum.unif.fr\/wp-content\/uploads\/2026\/03\/logo-bdt.png\" alt=\"Partenaire 8\"\/><\/a><\/figure>\n<\/div>\n\n\n\n<div class=\"wp-block-group is-layout-grid wp-container-core-group-is-layout-9649a0d9 wp-block-group-is-layout-grid\"><\/div>\n\n\n\n<p><\/p>\n","protected":false},"excerpt":{"rendered":"<p>Notre \u00e9quipe L\u2019\u00e9quipe de d\u00e9veloppement est compos\u00e9e de&nbsp;: Partenaires<\/p>\n","protected":false},"author":1,"featured_media":0,"parent":0,"menu_order":0,"comment_status":"closed","ping_status":"closed","template":"","meta":{"footnotes":""},"class_list":["post-97","page","type-page","status-publish","hentry"],"_links":{"self":[{"href":"https:\/\/marionum.unif.fr\/index.php?rest_route=\/wp\/v2\/pages\/97","targetHints":{"allow":["GET"]}}],"collection":[{"href":"https:\/\/marionum.unif.fr\/index.php?rest_route=\/wp\/v2\/pages"}],"about":[{"href":"https:\/\/marionum.unif.fr\/index.php?rest_route=\/wp\/v2\/types\/page"}],"author":[{"embeddable":true,"href":"https:\/\/marionum.unif.fr\/index.php?rest_route=\/wp\/v2\/users\/1"}],"replies":[{"embeddable":true,"href":"https:\/\/marionum.unif.fr\/index.php?rest_route=%2Fwp%2Fv2%2Fcomments&post=97"}],"version-history":[{"count":5,"href":"https:\/\/marionum.unif.fr\/index.php?rest_route=\/wp\/v2\/pages\/97\/revisions"}],"predecessor-version":[{"id":114,"href":"https:\/\/marionum.unif.fr\/index.php?rest_route=\/wp\/v2\/pages\/97\/revisions\/114"}],"wp:attachment":[{"href":"https:\/\/marionum.unif.fr\/index.php?rest_route=%2Fwp%2Fv2%2Fmedia&parent=97"}],"curies":[{"name":"wp","href":"https:\/\/api.w.org\/{rel}","templated":true}]}}